{"id":118,"date":"2017-12-07T15:13:53","date_gmt":"2017-12-07T15:13:53","guid":{"rendered":"http:\/\/fconscienciaetrabalh.hospedagemdesites.ws\/wordpress\/?page_id=118"},"modified":"2022-07-08T10:59:10","modified_gmt":"2022-07-08T10:59:10","slug":"diretoria","status":"publish","type":"page","link":"http:\/\/fconscienciaetrabalh.hospedagemdesites.ws\/wordpress\/diretoria\/","title":{"rendered":"Diretoria"},"content":{"rendered":"<p><strong>Presidente: Alessandro Bolelli<\/strong><strong><br \/>\n<\/strong><strong>Vice: Carlos Rolando Razzini<\/strong><\/p>\n<p><strong>Diretor Executivo<\/strong><strong>: Genivaldo\u00a0 Zarpelon<br \/>\n<\/strong><strong>Vice: Leandro Aparecido Cabrera<\/strong><\/p>\n<p><strong>Secret\u00e1rio<\/strong><strong>: Adroaldo De Grandi Segundo<br \/>\n<\/strong><strong>Vice: Joelson Catani<\/strong><\/p>\n<p><strong>Diretores de Cursos<\/strong><strong>: Fernando de Lima Alves<br \/>\nVice: Claudinei Mesquita da Silva<br \/>\n<\/strong><\/p>\n<p><strong>Rela\u00e7\u00f5es P\u00fablicas:<\/strong><strong> Caio Vieira Gottlieb<br \/>\n<\/strong><strong>Vice: Gelson Luiz Uecker<\/strong><\/p>\n<p><strong>Contabilidade<\/strong><strong>: Mateus <\/strong><em><strong>Bandiera<\/strong><\/em>\u00a0<strong>Sobocinski<\/strong><\/p>\n<p><strong>Jur\u00eddico:<\/strong><strong> Alessandro Piero Lucca<\/strong><\/p>\n<p><strong>Diretor de Patrim\u00f4nio<\/strong><strong>: C\u00e9sar Luiz Dal Ponte<br \/>\n<\/strong><strong>Vice: Deusdeditt de Souza Bueno Filho<\/strong><\/p>\n","protected":false},"excerpt":{"rendered":"<p>Presidente: Alessandro Bolelli Vice: Carlos Rolando Razzini Diretor Executivo: Genivaldo\u00a0 Zarpelon Vice: Leandro Aparecido Cabrera Secret\u00e1rio: Adroaldo De Grandi Segundo Vice: Joelson Catani Diretores de Cursos: Fernando de Lima Alves Vice: Claudinei Mesquita da Silva Rela\u00e7\u00f5es P\u00fablicas: Caio Vieira Gottlieb Vice: Gelson Luiz Uecker Contabilidade: Mateus Bandiera\u00a0Sobocinski Jur\u00eddico: Alessandro Piero Lucca Diretor de Patrim\u00f4nio: C\u00e9sar &hellip; <a href=\"http:\/\/fconscienciaetrabalh.hospedagemdesites.ws\/wordpress\/diretoria\/\" class=\"more-link\">Continue lendo<span class=\"screen-reader-text\"> &#8220;Diretoria&#8221;<\/span><\/a><\/p>\n","protected":false},"author":1,"featured_media":0,"parent":0,"menu_order":0,"comment_status":"closed","ping_status":"closed","template":"","meta":[],"_links":{"self":[{"href":"http:\/\/fconscienciaetrabalh.hospedagemdesites.ws\/wordpress\/wp-json\/wp\/v2\/pages\/118"}],"collection":[{"href":"http:\/\/fconscienciaetrabalh.hospedagemdesites.ws\/wordpress\/wp-json\/wp\/v2\/pages"}],"about":[{"href":"http:\/\/fconscienciaetrabalh.hospedagemdesites.ws\/wordpress\/wp-json\/wp\/v2\/types\/page"}],"author":[{"embeddable":true,"href":"http:\/\/fconscienciaetrabalh.hospedagemdesites.ws\/wordpress\/wp-json\/wp\/v2\/users\/1"}],"replies":[{"embeddable":true,"href":"http:\/\/fconscienciaetrabalh.hospedagemdesites.ws\/wordpress\/wp-json\/wp\/v2\/comments?post=118"}],"version-history":[{"count":5,"href":"http:\/\/fconscienciaetrabalh.hospedagemdesites.ws\/wordpress\/wp-json\/wp\/v2\/pages\/118\/revisions"}],"predecessor-version":[{"id":229,"href":"http:\/\/fconscienciaetrabalh.hospedagemdesites.ws\/wordpress\/wp-json\/wp\/v2\/pages\/118\/revisions\/229"}],"wp:attachment":[{"href":"http:\/\/fconscienciaetrabalh.hospedagemdesites.ws\/wordpress\/wp-json\/wp\/v2\/media?parent=118"}],"curies":[{"name":"wp","href":"https:\/\/api.w.org\/{rel}","templated":true}]}}

<p><strong>Presidente: Alessandro Bolelli</strong><strong><br />
</strong><strong>Vice: Carlos Rolando Razzini</strong></p>
<p><strong>Diretor Executivo</strong><strong>: Genivaldo  Zarpelon<br />
</strong><strong>Vice: Leandro Aparecido Cabrera</strong></p>
<p><strong>Secretário</strong><strong>: Adroaldo De Grandi Segundo<br />
</strong><strong>Vice: Joelson Catani</strong></p>
<p><strong>Diretores de Cursos</strong><strong>: Fernando de Lima Alves<br />
Vice: Claudinei Mesquita da Silva<br />
</strong></p>
<p><strong>Relações Públicas:</strong><strong> Caio Vieira Gottlieb<br />
</strong><strong>Vice: Gelson Luiz Uecker</strong></p>
<p><strong>Contabilidade</strong><strong>: Mateus </strong><em><strong>Bandiera</strong></em> <strong>Sobocinski</strong></p>
<p><strong>Jurídico:</strong><strong> Alessandro Piero Lucca</strong></p>
<p><strong>Diretor de Patrimônio</strong><strong>: César Luiz Dal Ponte<br />
</strong><strong>Vice: Deusdeditt de Souza Bueno Filho</strong></p>

<p>Presidente: Alessandro Bolelli Vice: Carlos Rolando Razzini Diretor Executivo: Genivaldo  Zarpelon Vice: Leandro Aparecido Cabrera Secretário: Adroaldo De Grandi Segundo Vice: Joelson Catani Diretores de Cursos: Fernando de Lima Alves Vice: Claudinei Mesquita da Silva Relações Públicas: Caio Vieira Gottlieb Vice: Gelson Luiz Uecker Contabilidade: Mateus Bandiera Sobocinski Jurídico: Alessandro Piero Lucca Diretor de Patrimônio: César &hellip; <a href="http://fconscienciaetrabalh.hospedagemdesites.ws/wordpress/diretoria/" class="more-link">Continue lendo<span class="screen-reader-text"> &#8220;Diretoria&#8221;</span></a></p>
